{"id":481,"date":"2024-04-19T14:06:51","date_gmt":"2024-04-19T12:06:51","guid":{"rendered":"http:\/\/skiclub-nussdorf.at.w01d0b2d.kasserver.com\/home\/"},"modified":"2024-07-16T15:57:42","modified_gmt":"2024-07-16T13:57:42","slug":"home","status":"publish","type":"page","link":"https:\/\/skiclub-nussdorf.at\/?page_id=481","title":{"rendered":"Home"},"content":{"rendered":"\t\t<div data-elementor-type=\"wp-page\" data-elementor-id=\"481\" class=\"elementor elementor-481\" data-elementor-post-type=\"page\">\n\t\t\t\t<div class=\"elementor-element elementor-element-1697ded0 e-con-full e-flex e-con e-parent\" data-id=\"1697ded0\" data-element_type=\"container\" data-settings=\"{&quot;background_background&quot;:&quot;classic&quot;}\">\n\t\t<div class=\"elementor-element elementor-element-5acba789 e-con-full e-flex e-con e-child\" data-id=\"5acba789\" data-element_type=\"container\">\n\t\t<div class=\"elementor-element elementor-element-5b1700be e-con-full e-flex e-con e-child\" data-id=\"5b1700be\" data-element_type=\"container\">\n\t\t\t\t<div class=\"elementor-element elementor-element-40c45974 elementor-widget elementor-widget-heading\" data-id=\"40c45974\" data-element_type=\"widget\" data-widget_type=\"heading.default\">\n\t\t\t\t<div class=\"elementor-widget-container\">\n\t\t\t\t\t<h1 class=\"elementor-heading-title elementor-size-default\">Skiclub Nu\u00dfdorf\n<\/h1>\t\t\t\t<\/div>\n\t\t\t\t<\/div>\n\t\t\t\t<div class=\"elementor-element elementor-element-1747235 elementor-widget__width-initial elementor-widget elementor-widget-text-editor\" data-id=\"1747235\" data-element_type=\"widget\" data-widget_type=\"text-editor.default\">\n\t\t\t\t<div class=\"elementor-widget-container\">\n\t\t\t\t\t\t\t\t\t<p><em>Sport mit Leidenschaft!<\/em><\/p>\t\t\t\t\t\t\t\t<\/div>\n\t\t\t\t<\/div>\n\t\t\t\t<\/div>\n\t\t\t\t<div class=\"elementor-element elementor-element-40fbea6f animated-slow elementor-invisible elementor-widget elementor-widget-heading\" data-id=\"40fbea6f\" data-element_type=\"widget\" data-settings=\"{&quot;_animation&quot;:&quot;pulse&quot;,&quot;_animation_delay&quot;:300}\" data-widget_type=\"heading.default\">\n\t\t\t\t<div class=\"elementor-widget-container\">\n\t\t\t\t\t<span class=\"elementor-heading-title elementor-size-default\">das sind wir<\/span>\t\t\t\t<\/div>\n\t\t\t\t<\/div>\n\t\t\t\t<\/div>\n\t\t<div class=\"elementor-element elementor-element-4fa65dce e-con-full e-flex elementor-invisible e-con e-child\" data-id=\"4fa65dce\" data-element_type=\"container\" data-settings=\"{&quot;background_background&quot;:&quot;classic&quot;,&quot;animation&quot;:&quot;bounceIn&quot;}\">\n\t\t\t\t<\/div>\n\t\t\t\t<\/div>\n\t\t<div class=\"elementor-element elementor-element-6b21c9b7 e-con-full e-flex elementor-invisible e-con e-parent\" data-id=\"6b21c9b7\" data-element_type=\"container\" data-settings=\"{&quot;animation&quot;:&quot;slideInRight&quot;}\">\n\t\t<div class=\"elementor-element elementor-element-2d2fd175 e-con-full e-flex e-con e-child\" data-id=\"2d2fd175\" data-element_type=\"container\" data-settings=\"{&quot;background_background&quot;:&quot;classic&quot;}\">\n\t\t\t\t<\/div>\n\t\t<div class=\"elementor-element elementor-element-176f11e5 e-con-full e-flex e-con e-child\" data-id=\"176f11e5\" data-element_type=\"container\">\n\t\t\t\t<div class=\"elementor-element elementor-element-67101fea elementor-widget elementor-widget-heading\" data-id=\"67101fea\" data-element_type=\"widget\" data-widget_type=\"heading.default\">\n\t\t\t\t<div class=\"elementor-widget-container\">\n\t\t\t\t\t<h2 class=\"elementor-heading-title elementor-size-default\">Skifahren<\/h2>\t\t\t\t<\/div>\n\t\t\t\t<\/div>\n\t\t\t\t<div class=\"elementor-element elementor-element-50369761 elementor-widget elementor-widget-text-editor\" data-id=\"50369761\" data-element_type=\"widget\" data-widget_type=\"text-editor.default\">\n\t\t\t\t<div class=\"elementor-widget-container\">\n\t\t\t\t\t\t\t\t\t<p>Skifahren ist nat\u00fcrlich die Hauptdisziplin in unserem Verein. Unter den vielen Breitensportlern finden sich immer wieder Talente die es auch in den\u00a0 Salzburger Kader schaffen und Rennen auf Bezirks und Landes Ebene bestreiten.<\/p>\t\t\t\t\t\t\t\t<\/div>\n\t\t\t\t<\/div>\n\t\t\t\t<\/div>\n\t\t\t\t<\/div>\n\t\t<div class=\"elementor-element elementor-element-52034b4 e-con-full e-flex elementor-invisible e-con e-parent\" data-id=\"52034b4\" data-element_type=\"container\" data-settings=\"{&quot;animation&quot;:&quot;slideInLeft&quot;}\">\n\t\t<div class=\"elementor-element elementor-element-4748689 e-con-full e-flex e-con e-child\" data-id=\"4748689\" data-element_type=\"container\">\n\t\t\t\t<div class=\"elementor-element elementor-element-f86a83c elementor-widget elementor-widget-heading\" data-id=\"f86a83c\" data-element_type=\"widget\" data-widget_type=\"heading.default\">\n\t\t\t\t<div class=\"elementor-widget-container\">\n\t\t\t\t\t<h2 class=\"elementor-heading-title elementor-size-default\">Laufen<\/h2>\t\t\t\t<\/div>\n\t\t\t\t<\/div>\n\t\t\t\t<div class=\"elementor-element elementor-element-9a5fd84 elementor-widget elementor-widget-text-editor\" data-id=\"9a5fd84\" data-element_type=\"widget\" data-widget_type=\"text-editor.default\">\n\t\t\t\t<div class=\"elementor-widget-container\">\n\t\t\t\t\t\t\t\t\t<p>Unsere Lauf Sektion feiert unentwegt Erfolge am Laufenden Band. Von Hobbyl\u00e4ufern \u00fcber Landesmeistern bis hin zu Staatsmeistern findet sich ein breites Spektrum an motivierten Sportlern in Nu\u00dfdorf. Lauftreff Chef ist unser Kassier <b>Herbert Strasser.<\/b><\/p><p><b>Seit 2010 wird in Nu\u00dfdorf auch der bekannte Oichtental Lauf ausgetragen. Der Lauf bietet f\u00fcr Gro\u00df und klein Verschiedene Distanzen. Kinderl\u00e4ufe, Staffellauf, 5 und 10 KM sowie einen Halbmarathon. Die Salzburg Halbmarathon Landesmeisterschaften wurden schon einige Male durchgef\u00fchrt.<\/b><\/p>\t\t\t\t\t\t\t\t<\/div>\n\t\t\t\t<\/div>\n\t\t\t\t<\/div>\n\t\t<div class=\"elementor-element elementor-element-5f2eeb1 e-con-full e-flex e-con e-child\" data-id=\"5f2eeb1\" data-element_type=\"container\" data-settings=\"{&quot;background_background&quot;:&quot;classic&quot;}\">\n\t\t\t\t<\/div>\n\t\t\t\t<\/div>\n\t\t<div class=\"elementor-element elementor-element-3f6dca0d e-con-full e-flex e-con e-parent\" data-id=\"3f6dca0d\" data-element_type=\"container\">\n\t\t\t\t<div class=\"elementor-element elementor-element-413de1f4 elementor-widget elementor-widget-heading\" data-id=\"413de1f4\" data-element_type=\"widget\" data-widget_type=\"heading.default\">\n\t\t\t\t<div class=\"elementor-widget-container\">\n\t\t\t\t\t<span class=\"elementor-heading-title elementor-size-default\">was wir tun<\/span>\t\t\t\t<\/div>\n\t\t\t\t<\/div>\n\t\t\t\t<div class=\"elementor-element elementor-element-7001cc7d elementor-widget elementor-widget-text-editor\" data-id=\"7001cc7d\" data-element_type=\"widget\" data-widget_type=\"text-editor.default\">\n\t\t\t\t<div class=\"elementor-widget-container\">\n\t\t\t\t\t\t\t\t\t<p>Unser Verein bittet eine Reihe von Sport Angeboten an.\u00a0<\/p>\t\t\t\t\t\t\t\t<\/div>\n\t\t\t\t<\/div>\n\t\t<div class=\"elementor-element elementor-element-23871354 e-con-full e-flex e-con e-child\" data-id=\"23871354\" data-element_type=\"container\">\n\t\t<div class=\"elementor-element elementor-element-2791502d e-con-full e-flex e-con e-child\" data-id=\"2791502d\" data-element_type=\"container\">\n\t\t<div class=\"elementor-element elementor-element-23112ef e-con-full e-flex e-con e-child\" data-id=\"23112ef\" data-element_type=\"container\">\n\t\t\t\t<div class=\"elementor-element elementor-element-1580e38c elementor-position-top elementor-widget elementor-widget-image-box\" data-id=\"1580e38c\" data-element_type=\"widget\" data-widget_type=\"image-box.default\">\n\t\t\t\t<div class=\"elementor-widget-container\">\n\t\t\t\t\t<div class=\"elementor-image-box-wrapper\"><figure class=\"elementor-image-box-img\"><img fetchpriority=\"high\" decoding=\"async\" width=\"2560\" height=\"1920\" src=\"https:\/\/skiclub-nussdorf.at\/wp-content\/uploads\/2019\/02\/dsc02400_40160968303_o-scaled.jpg\" class=\"elementor-animation-sink attachment-full size-full wp-image-199\" alt=\"dsc02400 40160968303 o\" srcset=\"https:\/\/skiclub-nussdorf.at\/wp-content\/uploads\/2019\/02\/dsc02400_40160968303_o-scaled.jpg 2560w, https:\/\/skiclub-nussdorf.at\/wp-content\/uploads\/2019\/02\/dsc02400_40160968303_o-300x225.jpg 300w, https:\/\/skiclub-nussdorf.at\/wp-content\/uploads\/2019\/02\/dsc02400_40160968303_o-1024x768.jpg 1024w, https:\/\/skiclub-nussdorf.at\/wp-content\/uploads\/2019\/02\/dsc02400_40160968303_o-768x576.jpg 768w, https:\/\/skiclub-nussdorf.at\/wp-content\/uploads\/2019\/02\/dsc02400_40160968303_o-1536x1152.jpg 1536w, https:\/\/skiclub-nussdorf.at\/wp-content\/uploads\/2019\/02\/dsc02400_40160968303_o-2048x1536.jpg 2048w\" sizes=\"(max-width: 2560px) 100vw, 2560px\" \/><\/figure><div class=\"elementor-image-box-content\"><h3 class=\"elementor-image-box-title\">Skikurse - meisterschaften<\/h3><p class=\"elementor-image-box-description\">Gemeinsames Skifahren in Kursen oder in geselliger Runde. Wir tragen auch Rennen f\u00fcr gro\u00df und klein aus!<\/p><\/div><\/div>\t\t\t\t<\/div>\n\t\t\t\t<\/div>\n\t\t\t\t<\/div>\n\t\t<div class=\"elementor-element elementor-element-2012c4b e-con-full e-flex e-con e-child\" data-id=\"2012c4b\" data-element_type=\"container\">\n\t\t\t\t<div class=\"elementor-element elementor-element-360d7f0 elementor-position-top elementor-widget elementor-widget-image-box\" data-id=\"360d7f0\" data-element_type=\"widget\" data-widget_type=\"image-box.default\">\n\t\t\t\t<div class=\"elementor-widget-container\">\n\t\t\t\t\t<div class=\"elementor-image-box-wrapper\"><figure class=\"elementor-image-box-img\"><img decoding=\"async\" width=\"2560\" height=\"1920\" src=\"https:\/\/skiclub-nussdorf.at\/wp-content\/uploads\/2024\/07\/fieberbrunn-saalbach-ausflug2024-scaled.jpg\" class=\"elementor-animation-sink attachment-full size-full wp-image-921\" alt=\"Ski Ausflug Fieberbrunn-Saalbach 2024\" srcset=\"https:\/\/skiclub-nussdorf.at\/wp-content\/uploads\/2024\/07\/fieberbrunn-saalbach-ausflug2024-scaled.jpg 2560w, https:\/\/skiclub-nussdorf.at\/wp-content\/uploads\/2024\/07\/fieberbrunn-saalbach-ausflug2024-300x225.jpg 300w, https:\/\/skiclub-nussdorf.at\/wp-content\/uploads\/2024\/07\/fieberbrunn-saalbach-ausflug2024-1024x768.jpg 1024w, https:\/\/skiclub-nussdorf.at\/wp-content\/uploads\/2024\/07\/fieberbrunn-saalbach-ausflug2024-768x576.jpg 768w, https:\/\/skiclub-nussdorf.at\/wp-content\/uploads\/2024\/07\/fieberbrunn-saalbach-ausflug2024-1536x1152.jpg 1536w, https:\/\/skiclub-nussdorf.at\/wp-content\/uploads\/2024\/07\/fieberbrunn-saalbach-ausflug2024-2048x1536.jpg 2048w\" sizes=\"(max-width: 2560px) 100vw, 2560px\" \/><\/figure><div class=\"elementor-image-box-content\"><h3 class=\"elementor-image-box-title\">Skiausfl\u00fcge <\/h3><p class=\"elementor-image-box-description\">Unsere Skiausfl\u00fcge mit Bus sind lustig, sportlich und G\u00fcnstig! Halbtags - oder Ganztagsfahrten sowie Nachtskifahren stehen am Programm.<\/p><\/div><\/div>\t\t\t\t<\/div>\n\t\t\t\t<\/div>\n\t\t\t\t<\/div>\n\t\t<div class=\"elementor-element elementor-element-4189b9f8 e-con-full e-flex e-con e-child\" data-id=\"4189b9f8\" data-element_type=\"container\">\n\t\t\t\t<div class=\"elementor-element elementor-element-29a91468 elementor-position-top elementor-widget elementor-widget-image-box\" data-id=\"29a91468\" data-element_type=\"widget\" data-widget_type=\"image-box.default\">\n\t\t\t\t<div class=\"elementor-widget-container\">\n\t\t\t\t\t<div class=\"elementor-image-box-wrapper\"><figure class=\"elementor-image-box-img\"><img decoding=\"async\" width=\"621\" height=\"436\" src=\"https:\/\/skiclub-nussdorf.at\/wp-content\/uploads\/2024\/04\/skigymnastik.png\" class=\"elementor-animation-sink attachment-full size-full wp-image-576\" alt=\"\" srcset=\"https:\/\/skiclub-nussdorf.at\/wp-content\/uploads\/2024\/04\/skigymnastik.png 621w, https:\/\/skiclub-nussdorf.at\/wp-content\/uploads\/2024\/04\/skigymnastik-300x211.png 300w\" sizes=\"(max-width: 621px) 100vw, 621px\" \/><\/figure><div class=\"elementor-image-box-content\"><h3 class=\"elementor-image-box-title\">Skigymnastik<\/h3><p class=\"elementor-image-box-description\">Der Klassiker f\u00fcr alle Skifahrer und Fitness Liebhaber. Von November-Februar in der Turnhalle der Volksschule.<\/p><\/div><\/div>\t\t\t\t<\/div>\n\t\t\t\t<\/div>\n\t\t\t\t<\/div>\n\t\t<div class=\"elementor-element elementor-element-51b9e450 e-con-full e-flex e-con e-child\" data-id=\"51b9e450\" data-element_type=\"container\">\n\t\t\t\t<div class=\"elementor-element elementor-element-6961adeb elementor-position-top elementor-widget elementor-widget-image-box\" data-id=\"6961adeb\" data-element_type=\"widget\" data-widget_type=\"image-box.default\">\n\t\t\t\t<div class=\"elementor-widget-container\">\n\t\t\t\t\t<div class=\"elementor-image-box-wrapper\"><figure class=\"elementor-image-box-img\"><img loading=\"lazy\" decoding=\"async\" width=\"1600\" height=\"1197\" src=\"https:\/\/skiclub-nussdorf.at\/wp-content\/uploads\/2024\/04\/ausflug-hochseilpark.jpg\" class=\"elementor-animation-sink attachment-full size-full wp-image-577\" alt=\"\" srcset=\"https:\/\/skiclub-nussdorf.at\/wp-content\/uploads\/2024\/04\/ausflug-hochseilpark.jpg 1600w, https:\/\/skiclub-nussdorf.at\/wp-content\/uploads\/2024\/04\/ausflug-hochseilpark-300x224.jpg 300w, https:\/\/skiclub-nussdorf.at\/wp-content\/uploads\/2024\/04\/ausflug-hochseilpark-1024x766.jpg 1024w, https:\/\/skiclub-nussdorf.at\/wp-content\/uploads\/2024\/04\/ausflug-hochseilpark-768x575.jpg 768w, https:\/\/skiclub-nussdorf.at\/wp-content\/uploads\/2024\/04\/ausflug-hochseilpark-1536x1149.jpg 1536w\" sizes=\"(max-width: 1600px) 100vw, 1600px\" \/><\/figure><div class=\"elementor-image-box-content\"><h3 class=\"elementor-image-box-title\">Sommer Aktivi\u00e4ten<\/h3><p class=\"elementor-image-box-description\">Bad Besuche, Kletterkurse, Wanderungen. Trampolinspringen, etc..Da ist f\u00fcr jeden etwas dabei.<\/p><\/div><\/div>\t\t\t\t<\/div>\n\t\t\t\t<\/div>\n\t\t\t\t<\/div>\n\t\t\t\t<\/div>\n\t\t\t\t<\/div>\n\t\t\t\t<\/div>\n\t\t\t\t<\/div>\n\t\t","protected":false},"excerpt":{"rendered":"<p>Skiclub Nu\u00dfdorf Sport mit Leidenschaft! das sind wir Skifahren Skifahren ist nat\u00fcrlich die Hauptdisziplin in unserem Verein. Unter den vielen Breitensportlern finden sich immer wieder Talente die es auch in den\u00a0 Salzburger Kader schaffen und Rennen auf Bezirks und Landes Ebene bestreiten. Laufen Unsere Lauf Sektion feiert unentwegt Erfolge am Laufenden Band. Von Hobbyl\u00e4ufern \u00fcber [&hellip;]<\/p>\n","protected":false},"author":1,"featured_media":0,"parent":0,"menu_order":0,"comment_status":"closed","ping_status":"closed","template":"elementor_header_footer","meta":{"footnotes":""},"class_list":["post-481","page","type-page","status-publish","hentry"],"_links":{"self":[{"href":"https:\/\/skiclub-nussdorf.at\/index.php?rest_route=\/wp\/v2\/pages\/481","targetHints":{"allow":["GET"]}}],"collection":[{"href":"https:\/\/skiclub-nussdorf.at\/index.php?rest_route=\/wp\/v2\/pages"}],"about":[{"href":"https:\/\/skiclub-nussdorf.at\/index.php?rest_route=\/wp\/v2\/types\/page"}],"author":[{"embeddable":true,"href":"https:\/\/skiclub-nussdorf.at\/index.php?rest_route=\/wp\/v2\/users\/1"}],"replies":[{"embeddable":true,"href":"https:\/\/skiclub-nussdorf.at\/index.php?rest_route=%2Fwp%2Fv2%2Fcomments&post=481"}],"version-history":[{"count":10,"href":"https:\/\/skiclub-nussdorf.at\/index.php?rest_route=\/wp\/v2\/pages\/481\/revisions"}],"predecessor-version":[{"id":944,"href":"https:\/\/skiclub-nussdorf.at\/index.php?rest_route=\/wp\/v2\/pages\/481\/revisions\/944"}],"wp:attachment":[{"href":"https:\/\/skiclub-nussdorf.at\/index.php?rest_route=%2Fwp%2Fv2%2Fmedia&parent=481"}],"curies":[{"name":"wp","href":"https:\/\/api.w.org\/{rel}","templated":true}]}}